49
Let o(y) = -730*y + 32359. List the prime factors of o(0).
32359
Let r be (-3 - -4)/(1/2). Suppose r*l + 10 = 0, -l + 36 = 2*a - 63. List the prime factors of a/39 + (-214)/(-6).
37
Suppose 4*w = 5*o + 4794, -7*o + 4*o + 2*w = 2876. Let y = -343 - o. List the prime factors of y.
3, 5, 41
What are the prime factors of 8 - (65229 - -1)/(-11)?
2, 2969
Let a(i) = 24*i - 140. Let v be a(6). Suppose v*n = 3*o - 2429, 1045 + 536 = 2*o + 5*n. List the prime factors of o.
11, 73
Suppose 24*y - 6*y - 316210 = -45724. What are the prime factors of y?
3, 5009
Let s be 0*(5 - -3)/(-8). Suppose -2*z = 5*f - s*f - 161, 3*z + 2*f = 247. List the prime factors of z.
83
Let o(h) = -325*h + 2716. List the prime factors of o(-48).
2, 19, 241
Suppose 5*k - 22042 = 3*l - 1997, 0 = -2*l + 10. List the prime factors of k.
2, 17, 59
Suppose 5*d - 14106 = -45*b + 43*b, 2*d - b = 5646. List the prime factors of d.
2, 17, 83
Let h(g) = -39*g**2 + 2*g. Let n be (4/(-12) - 7/3)*-3. Let b be h(n). What are the prime factors of -1 - (-44)/36 - b/18?
2, 3, 23
Let b = -2749 - -12699. List the prime factors of b.
2, 5, 199
Let x(c) = -c**3 + 11*c**2 - 9*c - 9. Let m be x(10). What are the prime factors of (((-15)/2)/(-5))/(m/170)?
3, 5, 17
Let m be ((-1)/1 - -4)/((-27)/6462). Let z = 1298 + m. Suppose -3*t - z = -7*t. What are the prime factors of t?
5, 29
Let r(x) = 4671*x - 254. What are the prime factors of r(3)?
13759
Let s = 198551 + -126876. List the prime factors of s.
5, 47, 61
Let v(t) = 126*t**2 + 9. Let y be v(2). Suppose -f + 260 = o, -5*f + 3*o = -1386 + 54. Let h = y - f. What are the prime factors of h?
3, 83
Let g(m) = -18*m - 46. Let d be g(16). Let l = d - -991. What are the prime factors of l?
3, 73
Let t be (-115)/23*(-3)/((-45)/(-6)). Suppose t*a - 3340 + 72 = 0. List the prime factors of a.
2, 19, 43
Let y = 51 + -60. Let z = -5 - y. Suppose -313 - 83 = -z*x. What are the prime factors of x?
3, 11
Let b(a) = -3*a**3 + 2*a**2 - 4*a - 1. Let n be b(-2). Suppose -n*k - 4719 + 58656 = 0. List the prime factors of k.
3, 461
Suppose 19336 = 4*s + 13074 - 32546. What are the prime factors of s?
2, 3, 7, 11
Suppose 22*v + 4660 = 12*v. Let j = 435 - v. List the prime factors of j.
17, 53
Let y = 1832 + -520. Suppose 11*c - 19*c = -y. List the prime factors of c.
2, 41
Let f be -1*(-3)/3 - (-1 - -2). Suppose 3*r + n - 1530 = -f*n, 3*n = -r + 502. List the prime factors of r.
7, 73
Suppose -27*p + 3*p - 12*p + 190404 = 0. What are the prime factors of p?
3, 41, 43
Let z be (-68 - -17)*(-2)/(-3). List the prime factors of 9 - 70/7 - 9*z.
5, 61
Suppose -383*o + 2810600 = -283*o. What are the prime factors of o?
2, 13, 23, 47
Let t = 532 - 277. Let p = t + -243. What are the prime factors of p?
2, 3
Suppose o = 2*b - 1828 + 25467, b + 23637 = o. List the prime factors of o.
5, 29, 163
Let n(h) = 3374*h + 8489. What are the prime factors of n(20)?
3, 23, 367
Suppose -20*p + 59*p - 318001 - 586175 = 0. What are the prime factors of p?
2, 3, 7, 23
Let r(j) = -106*j + 16*j + 37 - 89*j. Let t be r(-12). Suppose t + 209 = 14*i. What are the prime factors of i?
3, 19
Let o(x) = 3*x**2 + 8*x + 12. Let l be o(-6). Suppose 4*w - 256 + l = 0. Suppose -5*s - 47 = -2*n, 4*n = s + 3 + w. What are the prime factors of n?
11
Suppose 6*u - 13*u - 14 = 0. What are the prime factors of ((-4)/(-6))/((-30)/8415)*u?
2, 11, 17
Let t(v) = -245*v + 62. Let h = -472 - -467. What are the prime factors of t(h)?
3, 11, 13
Let j(t) = -202*t - 3511. List the prime factors of j(-51).
6791
Let c be 2/6 - 3/9. Let o = -60 + 97. Let p = c + o. List the prime factors of p.
37
Let c = 497 - 487. Let s(m) = -m**2 + 15*m + 24. What are the prime factors of s(c)?
2, 37
Suppose 26*d + 7619 = 45*d. What are the prime factors of d?
401
Suppose 374 - 276 = 7*x. What are the prime factors of 4084/x + 2/7?
2, 73
Let m(v) = v**3 + 13*v**2 - 11*v - 23. Suppose 0 = -5*h + l, 0*h - 5*h - l = 0. Suppose -o + b - 14 = h, 0 = 3*b - 6. What are the prime factors of m(o)?
11, 23
Let f(j) = j**3 + 13*j**2 - 59*j + 21. What are the prime factors of f(-15)?
2, 3, 19
Suppose -2*t = -12*t. Suppose t = -0*m + 4*m - 36. Let s(z) = 7*z - 19. List the prime factors of s(m).
2, 11
Let a(c) be the third derivative of 7*c**5/60 - c**4/8 - 55*c**3/2 + 6*c**2 - 14*c. List the prime factors of a(-11).
5, 11, 13
Let k(z) = z**3 - 9*z**2 - 5*z + 4088. What are the prime factors of k(0)?
2, 7, 73
Let y(h) = h**2 - 22*h - 1308. Let p be y(0). Let l = p + 2410. List the prime factors of l.
2, 19, 29
Suppose 2*y + 0*y = -102. Let h be 3 + 0/(-9) - (-1 - 3)/4. What are the prime factors of (y/h)/(28/(-336))?
3, 17
Suppose -5*h - 25 = -3*q + q, -q - 5 = h. Let d be q/2 - (0 - (-4)/(-1)). Suppose 37 = d*o - 355. List the prime factors of o.
2, 7
Let q = 214 - 194. Suppose 5*t + 2095 = 3*x, q*x - 15*x + 3*t = 3435. What are the prime factors of x?
2, 3, 5, 23
Let p(t) = -2*t**3 + 4*t - 3. Let c be p(2). Let d = -9 - c. Suppose -5*o = -h - 0*h + 43, d*o + 82 = 4*h. What are the prime factors of h?
2, 3
Suppose -a + 89 = 3*p - 16, -3*a + 345 = 3*p. Let v = 981 - a. What are the prime factors of v?
3, 7, 41
Suppose -h + 536 = -5*h. Let s(r) = -6*r + 141. Let m be s(-12). Let j = m + h. What are the prime factors of j?
79
Let d be ((-6 - -6)/(2/(-2)))/1. Let t be 197 - (1 + 3 + d). Let w = t - 74. What are the prime factors of w?
7, 17
Let w(l) = 3878*l - 776. List the prime factors of w(7).
2, 3, 5, 293
Let k be 10/(6/(2 + 1)). Suppose 5*g = -n - n + 103, 106 = k*g - n. What are the prime factors of ((-14)/g)/(4/(-546))?
7, 13
Let z be 54/(-24)*(-16)/12. Suppose -z*y + 4*y + 2*u + 10 = 0, 5*y - 25 = 5*u. Suppose y = -c - 2*c + 531. List the prime factors of c.
3, 59
Let s be 19/38 + 50/4. Let c(g) = 3*g**2 - 16*g + 52. What are the prime factors of c(s)?
3, 13
Let q(t) = 727*t - 1. Let s(n) = -1. Let o(k) = q(k) - 2*s(k). Let m be o(1). Suppose m = 10*c + 3*c. What are the prime factors of c?
2, 7
Suppose 0 = 5*f - 2*d - 149, 2*f + 3*d + 16 = 87. Suppose -f*u = -23*u - 2416. What are the prime factors of u?
2, 151
Let s = 133 - 130. Suppose 4*x = 5*m + 544 + 786, -x + 324 = s*m. List the prime factors of x.
2, 3, 5, 11
Suppose g - 8435 = 4*i, -84*g + 85*g - 3*i = 8429. What are the prime factors of g?
13, 647
Let b(o) = o**2 + 14*o + 48. Let r be b(-8). What are the prime factors of r/(-1) - 4680/(-12)?
2, 3, 5, 13
Suppose 5 = -f + 12. Suppose 1 - 17 = 4*q, -3*q - f = -5*o. List the prime factors of 197/o*-1 + 2.
199
Suppose 15*v = 7*v - 10104. Let u be (2 + -4)/((-2)/4)*v. List the prime factors of u/(-30) + 6/10.
13
Let l(x) = x**3 + x**2 - x + 5. Let h be l(2). List the prime factors of -4 - (-158 + h/5) - 3.
2, 37
What are the prime factors of 50/45*-3*61068/(-70)?
2, 727
Suppose -51*g - 29*g + 345597 = -59*g. List the prime factors of g.
7, 2351
Let r be 10 + -7 + (-4)/(-2). Suppose -5*i = r*i + 20. List the prime factors of (0 - -2 - i) + 121.
5
Suppose -4*w = -3*w - 4*s + 132, 0 = -4*w - 3*s - 490. Let a = 126 + w. Suppose u = a*u - 51. What are the prime factors of u?
3, 17
Suppose -2*y + 601 - 2969 = 0. Let s = y + 2193. What are the prime factors of s?
1009
Suppose -9*n = -8*n + 14*n. Suppose n = x + 2*f - 219, x + 432 = 3*x + 2*f. What are the prime factors of x?
3, 71
Let r(k) = 336*k + 713. What are the prime factors of r(5)?
2393
Let q = -8133 + 37600. List the prime factors of q.
79, 373
Let o(u) = 4*u**2 + 72*u**3 + 2 + 2*u - 2*u - 4*u - 4*u. What are the prime factors of o(2)?
2, 17
Let g(q) be the third derivative of -31*q**4/4 + 15*q**3/2 + 87*q**2 - 1. What are the prime factors of g(-4)?
3, 263
Let v = 25069 - 17249. List the prime factors of v.
2, 5, 17, 23
What are the prime factors of 1/((-7)/(-49))*1316?
2, 7, 47
Let m be 1*(6 - 7)*(-6)/2. Suppose -m*z = 2*z - 875. Suppose q - 215 = -2*g, 5*q - 480 = -3*g - z. What are the prime factors of g?
2, 5, 11
Suppose -j + 2*m + 16 = 5, -4*j + m + 79 = 0. Suppose -20*s + j*s = 238. List the prime factors of s.
2, 7, 17
List the prime factors of 8/(-84) - (-4708252)/1428.
3, 7, 157
Let l = 458 + -458. Let o(j) = 2*j**2 - 3*j + 972. List the prime factors of o(l).
2, 3
Let v(r) = 97*r + 209. Let g be v(-8). Let b = 156 - g. What are the prime factors of b?
3, 241
Suppose -22 = 6*